7. Is i prime?
False
Let y(v) = -3*v**3 + v. Let a be y(-1). Suppose -5*h + 867 = -a*h. Is h composite?
True
Let o(k) = -5 - 10*k - 2 + 12*k + 14*k**2 - 3*k**2. Is o(-6) composite?
True
Suppose 2*q + 5*w = 172783, -3*q = -q + 4*w - 172786. Is q prime?
True
Let h be (-1)/(2/(-6)*-3). Let w be (-4)/(8/(-4) - h). Suppose -190 = -w*p - 42. Is p a prime number?
True
Suppose g - 3*z = -3*g + 30, -20 = -3*g + z. Is 215 + (6/(-9))/((-2)/g) prime?
False
Let k(v) = -v**3 + 11*v**2 - 5*v - 12. Let q be 3 + -1 - (5 - 10). Is k(q) composite?
False
Suppose -4*u = -3*g + 308, -g + 5*u + 196 = g. Let q = g + 31. Is q prime?
True
Suppose -39 = 5*t + 4*u, -4*u = 4*t - u + 31. Let q(k) = -k**3 + 7*k**2 - 8*k + 11. Is q(t) a prime number?
False
Let o = 17 - 12. Suppose 3*h - 259 = o*p, -3*h + 2*p - 3*p + 283 = 0. Suppose 2*l = -4*x + h - 25, 2*x - 18 = -5*l. Is x prime?
True
Suppose -12*i = -9*i. Suppose 5*j + i*y - 379 = 3*y, y - 2 = 0. Is j a composite number?
True
Let z(w) = 42*w + 5. Is z(2) a composite number?
False
Let k(o) = -20*o - 20 + 38*o - 39*o. Is k(-5) prime?
False
Suppose -7*m = -67385 + 14934. Is m composite?
True
Let b = -96 + 62. Let p = 180 + b. Is p prime?
False
Let h = 41831 - 29782. Is h a composite number?
False
Let o(b) be the first derivative of b**3/3 + 554*b + 5. Let x be o(0). Suppose h = 2*r + r - x, -h + 556 = 3*r. Is r a prime number?
False
Let l = -67 - -86. Let z(u) = -u**3 + 20*u**2 + 8*u + 6. Is z(l) prime?
False
Suppose 3*s + 4*p - 12618 = 36401, 3*s = 5*p + 48974. Is s a composite number?
False
Let k = 223 + -338. Let v = -110 + k. Let p = 430 + v. Is p composite?
True
Let p = 12005 + -36223. Let h = -17109 - p. Suppose -433 = 4*x - h. Is x composite?
False
Suppose 0*w - i + 7 = 2*w, -5*w = 4*i - 13. Suppose 0 = 6*y + w*y - 12331. Is y a prime number?
False
Suppose -49 - 44 = -n. Suppose 4*h + n - 6582 = -5*p, -3*h - 4*p = -4867. Is h a prime number?
True
Suppose u - 207 = 209. Suppose 8*p - 11304 = u. Is p a prime number?
False
Let m be 2/(-15) - 782/(-15). Suppose 0 = -d + m + 279. Is d a prime number?
True
Let c(i) = -10*i + 3. Let t be c(2). Let k = t - -19. Suppose -5*b = 4*g - 799, -k*b = -0*b - 2*g - 316. Is b a composite number?
True
Suppose 11*g = -1995 - 1580. Let v = g - -458. Is v a composite number?
True
Suppose 2*h - 168 = -h. Let g = -69 + 38. Let m = g + h. Is m composite?
True
Suppose a + 2*r - 78164 + 24131 = 0, 0 = -4*a - 5*r + 216141. Is a a composite number?
True
Suppose 17*m - 25995 = 106588. Is m prime?
False
Let a(p) be the third derivative of p**6/120 + p**5/10 - p**4/3 + 7*p**3/6 + 3*p**2. Let s be a(-7). Suppose 0 = -5*x + 199 - s. Is x a prime number?
True
Suppose 16 = -l + 2*l. Let j = -13 + l. Suppose 3*f = j*t + 195, -4*f - 191 = -7*f + 4*t. Is f prime?
False
Let z(p) = -p**3 - 6*p**2 - 7*p + 13. Let b(h) = -2*h**3 - 13*h**2 - 14*h + 25. Let g(w) = -6*b(w) + 11*z(w). Is g(-11) prime?
True
Suppose 4*j = -4*y + 12, -y + 0*y + j - 5 = 0. Is -1 + 4 - y - -207 prime?
True
Let a = -1583 + 9049. Is a prime?
False
Let n be (-114)/(2/1) + (-140)/70. Let b = n + 726. Is b a composite number?
True
Suppose 13 = -7*s + 41. Suppose s*t - 13*t = -1827. Is t a composite number?
True
Let g(u) = 3*u**2 + 1 - 13*u - 18*u + 5*u**2 + 28*u. Is g(-3) prime?
False
Let h be 48/360 + (-574)/30. Let c(v) = -v**3 - 18*v**2 + 16*v - 4. Is c(h) a composite number?
False
Suppose -401 = -10*h - 141. Is ((-2878)/4)/((-13)/h) prime?
True
Let v(u) = -46*u - 29. Suppose 0 = 4*m - 2*k - k + 23, k = -4*m - 19. Is v(m) a composite number?
True
Let q = -2243 + 14944. Is q composite?
True
Suppose 2*y = 4, -4*c - 2057 = -c + 5*y. Let g = c - -1198. Is g a composite number?
False
Suppose 3 = -3*t + 12, -5*h = -3*t - 21. Let s(y) = 4*y**3 - 4*y**2 - 11*y - 3. Let a(l) = l**3 - 2*l**2 - l - 1. Let r(p) = 5*a(p) - s(p). Is r(h) composite?
True
Let d be (-1)/(-4 - 35/(-10)). Suppose i + d*h - 331 = 0, 3*h + 361 = i - h. Is i composite?
True
Is 6 + (344480/(-8))/(-4) a composite number?
False
Let f be 48/9 - 5/15. Is (-4709)/(-85) - 2/f composite?
True
Is 26322/(2 - -1) - -5 a composite number?
False
Suppose 2*r + 2 - 10 = 0. Let j be (6/r)/(2/4). Suppose 301 = 4*h - j*h. Is h a composite number?
True
Let n be (-14)/(-14) - (-1233 - 2). Let m = n - 673. Is m prime?
True
Is (1 + -1)*(-9 - -10) - -17677 prime?
False
Let y(m) be the first derivative of m**3/3 + m**2/2 + 265*m + 1. Suppose -4 = -5*h - 2*q - 14, 3*q + 15 = -h. Is y(h) a composite number?
True
Let i be 7/((-140)/(-8))*10. Let y(q) = 0 + i - 3*q - 1 - 1 + 2*q**2. Is y(-5) prime?
True
Suppose 0 = 3*k + 5*j - 31, -3*j = k - 5 - 8. Suppose 0 = k*t - 6*t - 245. Is 2*(t/2 + 3) a composite number?
False
Is -2 + 4 - (-4)/((-24)/(-52266)) a prime number?
True
Let m be 15/2 - 4/(-8). Suppose 2*x - 4*f + m + 0 = 0, -2*x = f - 12. Suppose 3*l + 4*c - 127 = 0, -x*l - c = -4*c - 136. Is l a composite number?
False
Let s = 3715 + -2438. Is s a composite number?
False
Suppose 4*x + i - 18 = 0, -4 = -2*i + 4*i. Suppose q - 5*q = x*z - 1613, q = -4*z + 417. Is q composite?
False
Let l(o) = -2*o**3 + 2*o**2 + 2*o + 5. Suppose -6*p + p + 80 = 0. Suppose -22 = n - p. Is l(n) prime?
False
Is 7/((-105)/(-6)) + 1227657/145 prime?
True
Let l be (15/(-20))/((-3)/(-719))*-12. Is 1*(l - 0 - (-4)/(-1)) composite?
False
Is (-24)/64 + 1691/8 composite?
False
Is (-125912)/(-32) + (-2)/(-8) composite?
True
Suppose 27*r - 101824 = 425. Is r prime?
False
Let s(x) = x**2 - 2*x - 3. Let o be s(0). Let b be 815 + (3 + o)/(-1). Suppose a = -4*a + b. Is a prime?
True
Suppose -21*i - 6*i + 6453 = 0. Is i composite?
False
Let i = 1763 - 1020. Suppose 0 = 2*d - 2215 + i. Suppose -4*g + 596 = -4*r, 5*g - r - d = r. Is g a prime number?
False
Let n be 1/(7/2) - (-33695)/35. Let r(d) = -3*d - 1. Let w be r(-1). Suppose 4*h = h - 3*v + n, -v + 644 = w*h. Is h composite?
True
Let u = -617 - -229. Let s = -261 - u. Is s composite?
False
Let k(y) = 2403*y + 3. Let w be k(1). Suppose 4*s - 1784 - 1411 = -v, 4*v = -3*s + w. Is (5 - 0)*s/30 a composite number?
True
Let t(z) = -1212*z + 23. Is t(-3) a composite number?
False
Let u(t) = 291*t + 1. Let c be u(1). Is ((-36)/(-60))/((-1)/(-5)) + c composite?
True
Let q = -10 + 8. Is 1923*5/((-30)/q) prime?
True
Let m(i) = 3*i**2 + 19*i - 21. Let a be m(20). Let o = -604 + a. Is o composite?
True
Let i be (0 + (-50)/15)/(2/(-3)). Suppose 5*c = -3*t + 119, -2*c = -i*t + t + 176. Is t composite?
False
Let r be ((-293)/2)/(-1)*-2. Suppose 3*u - 1248 = -0*u. Let t = r + u. Is t a prime number?
False
Suppose -3*u + n = 1, -7*n - 14 = -3*u - 3*n. Let v be 1/3*3 + u. Is (111/6)/(v/(-2)) prime?
True
Suppose -b - b + 25786 = 0. Is b composite?
False
Let w(z) = -20*z - 222. Is w(-20) composite?
True
Let h(v) = -3*v**3 - 2*v - 2. Let i be h(-1). Suppose -3 = -3*x + u + 15, x - 6 = -i*u. Is x a prime number?
False
Let k = -1238 + 1818. Let u(g) = 10*g**3 + 4*g**2 - 5*g + 4. Let q be u(4). Suppose q + k = 4*o. Is o prime?
True
Let x = -9042 - -13663. Is x prime?
True
Suppose -h - 3*s - 3 = -0*h, -12 = -3*h - 2*s. Is (-2)/3 - ((-3363)/9 - h) a prime number?
True
Let b = 2 - -82. Let r = 349 - b. Is r a composite number?
True
Suppose -15 = -3*f - 0*f. Let x(s) = 77*s + 42. Let v be x(2). Suppose -3*i = 2*i - f*p - 245, 0 = 4*i + 5*p - v. Is i a composite number?
True
Let u be ((-18)/(-21))/((-6)/63*-3). Suppose -u*s + 308 + 181 = 0. Is s composite?
False
Suppose t + 2*t + 79 = 5*n, -4*n + 41 = 5*t. Let x = n + -19. Let p(r) = 2*r**2 + 2*r + 11. Is p(x) prime?
False
Suppose -4*g = -5*k + 23, 0*k + 4*g = 2*k - 14. Suppose -2*w + 2*v = -1 - 27, w - k*v - 6 = 0. Suppose -b + 20 = -w. Is b a composite number?
True
Let c(m) = m**3 - m**2 + 877. Let u be (-5 - (-7 + 3)) + 1. Is c(u) a composite number?
False
Let f(m) = 133*m**2 - 7*m. Let s be f(-3). Let c = s + -700. Suppose 2*p - 4*d = c, -3*p - d + 357 = -441. Is p a prime number?
False
Is (-1)/(7/(-101598)) + -5 composite?
True
Let x = -19312 - -28251. Is x composite?
True
Let w(q) = -q**2 - 6*q - 2. Let n be w(-4). Suppose -4*d - 7*b = -n*b - 3927, 5*d + b - 4910 = 0. Is d prime?
True
Suppose 129137 = 5*h - d - 17213, 3*h - 87797 = -2*d. Is h a prime number?
True
Let v be (-5)/(-2)*(-276)/(-15). Suppose -50*o + v*o = -4276. Is o composite?
False
Let l(